 - 36. Let i be g(-16). Suppose -s*z = -7*z + i. What is the tens digit of z?
1
Suppose 0*o = 4*o + 4. Let y be -10*o*(-2)/2. What is the units digit of (-36)/y + 2/5?
4
Suppose 3*i = -5*l + 4, 7*l - 2*l = -5*i + 10. Let v = l + 46. What is the tens digit of v*(10/(-6))/(-5)?
1
Let r = 32 + -14. Let i = 33 - r. What is the tens digit of i?
1
Suppose -74 = -6*h + 28. What is the tens digit of h?
1
Let l(g) = -3*g - 13. What is the units digit of l(-11)?
0
Let i(o) = 5*o - 3. Let r be i(2). Suppose -5 = -3*y + r. Suppose 30 = y*a - 30. What is the tens digit of a?
1
Let m = -13 - -18. Suppose 2*r = 3*d + 62, 5*r + m*d - 197 = 2*d. What is the units digit of r?
7
Suppose 4 = l - 2*l, 2*l - 22 = -3*h. What is the tens digit of h?
1
What is the tens digit of (-1 - 1) + (-13 + -4)*-8?
3
Suppose -4*m + 5*m = d + 20, -48 = -4*m - 4*d. What is the tens digit of m?
1
Let w = -8 - -11. Let y be (-1)/(-4)*-2*-10. Suppose 2*q = m, y*q - 2*q + w = 3*m. What is the units digit of m?
2
Let u = 12 + -8. Suppose -12 = -0*g - u*g. Suppose 5*p + 5*l - 80 = 0, g*p - 5*l = 3 + 5. What is the units digit of p?
1
Let i(z) = z**3 + 4*z**2 + 4. Let w be i(-4). Suppose 24 = -w*v - 0. Let g = v + 12. What is the units digit of g?
6
Let b = -2 + 4. Suppose -12 = -4*x, -b*y - 2*x + 3 = -7. What is the units digit of y?
2
Suppose 13 + 272 = -5*b. Let r = 82 + b. What is the tens digit of r?
2
Let c(l) = -l**3 - 4*l**2 - l + 3. Let y be c(-3). Let v be ((-2)/(-6))/(y/(-9)). What is the units digit of (1 + 1)*v*2?
4
Suppose -2*r - 13 = -3*k + 2*k, -k - 2*r = 3. What is the units digit of k?
5
Let c(n) = 19*n**2 - n. What is the units digit of c(1)?
8
Let k = -51 + 52. Suppose -25 = x - 9. What is the units digit of x/(-2) - (1 - k)?
8
Let v = -6 + -1. Let l = v - -17. What is the units digit of 82/l + (-1)/5?
8
Let w = -4 + 7. What is the units digit of -2*(-5 - -1)*w?
4
Suppose 3*r = 4*n - 1554, -694 = -2*n - 4*r + 72. What is the tens digit of n?
8
Let l = 300 + -171. What is the hundreds digit of l?
1
Suppose 3*j + 5*y + 7 = -2, -4*y = -3*j + 18. Suppose -j*u + 3*u = 6. What is the units digit of u?
6
Suppose -2*k + 6*k = -20. Let w = k - -15. What is the units digit of w?
0
Suppose s + 3*s = -o - 14, 2*s - 14 = -4*o. What is the units digit of 2*o + 20/(-5)?
8
Let b = 0 + 17. Let n = 54 - b. What is the tens digit of n?
3
Suppose -4 = 3*h + 2. What is the tens digit of 354/18 + h/(-6)?
2
Let b = 9 - 7. Suppose b*a + 12 = 3*a. What is the units digit of a?
2
Let c(x) = -x**2 - 4*x - 7. Let n(i) = -3*i**2 - 8*i - 14. Let s(g) = -5*c(g) + 2*n(g). Let q be s(5). Let p = q - -1. What is the units digit of p?
3
Let r be ((-6)/(-12))/(2/24). Suppose -r*f + 3 = -3*f. What is the units digit of f?
1
Let d be 6/(-24) - (-221)/4. Suppose d = -0*u + 5*u. What is the tens digit of u?
1
Suppose 223 = 3*r + 88. What is the units digit of r?
5
Let s = 105 + -67. What is the tens digit of s?
3
Let y(p) = -p**3 - 8*p**2 + 9*p + 5. Let w be y(-9). Suppose w*l = -3*h + 6*h - 26, 4 = 2*l. What is the units digit of (h/(-10))/((-9)/30)?
4
Let u be (2 - 6)/(2/(-12)). Let f = 12 - u. What is the units digit of (3/2)/(-3)*f?
6
Let z be ((-8)/(-3))/((-1)/(-12)). Let a be 4/6 + (-4)/6. Suppose -4*i + 5*u = -z, u = -a - 4. What is the units digit of i?
3
Suppose -6*k - 121 = -9*k - 2*r, -3*k - 5*r = -127. What is the units digit of k?
9
Let x(b) = b**3 - 10*b**2 + 4*b - 12. Let c be x(10). Let o = c - 17. What is the units digit of o?
1
Let a(v) = -1 - 5 - 5 - v**2 - 7*v - 8*v. What is the units digit of a(-14)?
3
Let w(y) = y**3 + 11*y**2 + 8*y - 12. Suppose 0 = -3*l + 5*n + 19 + 1, -2*l - 3*n = -7. Suppose 7 - 57 = l*g. What is the units digit of w(g)?
8
Suppose -4*h - 61 = 67. Let m = h + 22. What is the units digit of (24/m)/((-3)/10)?
8
What is the tens digit of (-1066)/(-16) + 15/40?
6
Let f be (42/35)/((-4)/(-10)). Suppose -2*o + 1 = -f. Let b(r) = 2*r**3 - 1. What is the tens digit of b(o)?
1
Let h = 216 + -104. Suppose 6*i = 2*i + h. What is the tens digit of i?
2
Let a(g) be the second derivative of g**5/4 - g**4/12 + 5*g**3/6 - 5*g**2/2 + 10*g. What is the tens digit of a(2)?
4
Let u = -10 + 7. Let q(i) = -i**3 - 2*i**2 + i - 1. Let s be q(u). Suppose 0 = v + 4*v - s. What is the units digit of v?
1
Let q(j) = -j**3 - 5*j**2 - 2*j - 6. Let d be q(-5). Suppose -114 = -5*r - 3*x, -d*r + 4*x + 87 = 5*x. What is the tens digit of r?
2
What is the units digit of (-1)/3 + 256/3?
5
Let d = 0 + 2. What is the units digit of (-2 + d - -3) + 3?
6
Suppose 61 = -2*u - 5*i, -4*u + 0*i - 4*i = 116. Let t = u - -48. What is the tens digit of t?
2
Suppose -4*c + 1 = -11. Suppose -2*v - 6 = -5*b, 0*v + 9 = -c*v. Suppose 5*n - 20 + b = 0. What is the units digit of n?
4
Let q = 3 + 28. Suppose 0 = -3*a + q + 17. What is the units digit of a?
6
Let t = 9 + -3. Suppose -d = -t*d. Suppose j = d, 3*k = -3*j + 4*j + 21. What is the units digit of k?
7
Let z be (-9)/(1 + -4) - -61. Let n = z + -37. Suppose -5*r = -3*r + t - 9, -5*r - t = -n. What is the units digit of r?
6
Let y(g) be the third derivative of g**6/720 - g**5/24 - g**4/24 + 2*g**2. Let b(h) be the second derivative of y(h). What is the units digit of b(6)?
1
Let y(w) = -2*w + 11. Let s be y(-9). Suppose -3*j + 11 = s. Let m(x) = -2*x - 7. What is the units digit of m(j)?
5
Suppose -3*b + 96 = -108. Suppose -2*i = -b + 22. What is the tens digit of i?
2
Let v be 3/3*(1 + -18). Let m = v - -35. What is the units digit of m?
8
Suppose 44*z - 45*z = -263. What is the hundreds digit of z?
2
Let d be (-6 + 2)/((-8)/12). Let n(l) = l**3 - 5*l**2 - 4*l - 7. What is the units digit of n(d)?
5
Suppose -5*g = 3*h - 85, -g - 2*h = h - 5. Let v = 29 - g. What is the units digit of v?
9
Let w = 19 - 11. Let b be 2/w - 3/(-4). What is the units digit of 0 + 0 - (-2 + b)?
1
Let t(f) = f**3 - 5*f**2 + f + 4. Let l be t(3). Let m = -6 - l. What is the units digit of m?
5
Suppose n = -4*o - n - 18, -5*o + 10 = -4*n. What is the tens digit of (-5 + o)*(-2 - 1)?
2
Suppose -5*i = -29 + 4. What is the units digit of i?
5
Suppose 4*t - 348 = -0*t. Let k = -39 + t. What is the tens digit of k?
4
Let c = 320 + -196. What is the hundreds digit of c?
1
Let i be (-1 - -1) + 1 + 1. Suppose -4*k + 18 + i = 0. What is the units digit of k?
5
Let v = -3 + 7. Let k = 2 - v. What is the units digit of 1 + -1 + (0 - k)?
2
Suppose -4*v = -6*v + 18. What is the units digit of v?
9
Suppose 2*u + 20 = -4. Suppose -g + 4*g = -18. Let d = g - u. What is the units digit of d?
6
Let f(w) = -12*w**2 - 4*w - 3. Let a be f(-2). Let d = -18 - a. What is the units digit of d?
5
Let w(n) = 2*n - 8. Let i(y) = -5 + 5 - 4*y + 15. Let a(t) = 4*i(t) + 9*w(t). What is the units digit of a(10)?
8
Let d be (3 + 1)*(-5)/(-20). Let p = d + -3. What is the units digit of (-6)/(p/(-6) - 1)?
9
What is the units digit of (2 - (-10)/(-4))/(4/(-776))?
7
Let x = -15 + 34. What is the tens digit of x?
1
Let l = 28 + -23. What is the units digit of l?
5
Suppose 4*o - t = 46, 0*o - 4*t + 36 = 4*o. What is the units digit of o?
1
Let y be (-1)/(-3) + (-122)/6. Let j = y + 37. What is the units digit of j?
7
Suppose 2*h - 3*g = 50, 4*h - 86 = -g - 0*g. What is the units digit of h?
2
Let x be ((-3)/1)/(9/(-66)). Let f = x + 8. What is the units digit of f?
0
Suppose 3*w = i - 411, 0*i - i = 2*w - 406. What is the tens digit of i?
0
Let j(q) = 11*q. Let z be j(-1). Let s(t) = 2*t**3 + t**2 - 3*t - 2. Let x be s(-2). What is the units digit of (-68)/z - x/(-44)?
6
Let c(u) = 3*u**2 + u - 6. What is the units digit of c(6)?
8
Let p(g) = g**2 - 3*g - 4. Let c be p(-5). Suppose c = 3*j + 5*r + 6, -2*r + 26 = 4*j. What is the units digit of j?
5
Let a = -187 + 337. What is the tens digit of a?
5
Suppose 0 = -g - 19 - 34. Let l = g - -108. Suppose 3*s = -2*s + l. What is the tens digit of s?
1
Let d be (-4530)/(-50) - (-2)/5. Let x = d - 38. What is the tens digit of x?
5
Let f = -4 + 10. Let d be (f + 2)*2/(-4). Let m = 4 - d. What is the units digit of m?
8
Let d be 7/((-84)/(-8))*-78. What is the units digit of (-112)/d - 4/26?
2
Suppose -2*j + 10 = 0, 2*t + 5*j = 35 - 10. Let l = 7 - t. Let k = -4 + l. What is the units digit of k?
3
Suppose -k + 2 = 1. Let j be 5 + -2 - 2*k. What is the units digit of (24/(-28))/(